w). Let u = -20 - -15. Give z(u).
-6
Let b(n) = -1 - 19*n**3 + 20*n**3 + 1. What is b(-2)?
-8
Let u = -349 + 344. Let p(a) be the second derivative of a**4/12 + a**3 + 3*a**2/2 + 2*a. Calculate p(u).
-2
Suppose 2*w = y - 5*y + 62, 3*w = 2*y + 53. Suppose -q - w + 4 = -4*a, -3*q - 18 = -a. Let s(g) = g**2 + 3*g - 3. Determine s(q).
7
Suppose -8 = 3*l - 4*a, 2*a - 7 = 2*l + a. Let h(r) be the third derivative of r**5/60 + r**4/8 - 2*r**3/3 + 11*r**2. Give h(l).
0
Let o(x) = x**3 + x**2 - 3*x + 4. Let n = 331 + -334. Determine o(n).
-5
Let d be (-74)/6 + (-8)/(-24). Let x = 15 + d. Let p(g) = x + 0 + 7*g - 6*g - 2. Calculate p(0).
1
Let p(a) = a**2 - 2. Let o = -1302 + 1302. Determine p(o).
-2
Let t(p) = 2*p - 1. Let x(j) = 6*j + 14. Let n be x(9). Suppose -3 = -67*i + n*i. What is t(i)?
-7
Let o(l) = -l - 16. Let i(u) = -u - 11. Let x(a) = 6*i(a) - 5*o(a). Determine x(5).
9
Suppose -15 = 3*u, -7*m - 15 = -12*m - 2*u. Let l(n) = -4*n + 6 + 0*n + m*n + 0*n. Determine l(-4).
2
Let u(j) = 0*j + 10*j + 27 + j**2 - 40 + 4*j + 19. What is u(-14)?
6
Let b(p) = 2*p**2 - 12*p - 25. Let m(c) = c**2 - 12*c - 24. Let d(l) = -2*b(l) + 3*m(l). Calculate d(-9).
5
Let i = -41 - -63. Let j(b) = -2*b - 11 + b + 45 - i. Calculate j(6).
6
Let u be 26/(-14) - (-3)/(-21). Let q(j) = j**2 - 2*j - 2. What is q(u)?
6
Let r(y) = -y + 18. Let q be r(9). Suppose 0 = 2*a - 33 - q. Let w(h) = -9*h**3 + 22*h**3 - a*h**3 - 2*h + 1. Give w(1).
-9
Suppose 2*y + 21 + 0 = 3*u, -3*u + 21 = 4*y. Let m(t) be the third derivative of 5/6*t**3 + 0 + 0*t + 7/24*t**4 + 1/10*t**5 - 1/120*t**6 + 3*t**2. Give m(u).
5
Let d(y) = -6 - 3 - 71*y - 82*y + 141*y - y**2. What is d(-8)?
23
Suppose 3*o - 3*f + 6 = -f, 2*o = -2*f - 4. Let y be (3 + (-7)/2)*(2 + o). Let l(c) = -c**3 - 7. Determine l(y).
-7
Let f be 7*(-1)/2*(0 - 2). Suppose -z = -0*z + f. Let r(i) = -i - 9. Give r(z).
-2
Let f be -4*10/(-32)*-4. Let k be 3/12 + 7/4. Let c(s) = -7*s - 4*s**2 - 6 + s**k + 2*s**2 + 0*s. Determine c(f).
4
Let b(h) = -14*h**3 + 11*h**2 + 23*h - 14. Let i(t) = 5*t**3 - 4*t**2 - 8*t + 5. Let n(k) = 4*b(k) + 11*i(k). Suppose -6*d = 35*d + 123. What is n(d)?
14
Let u = 868 + -870. Let g(c) = 10*c - 1. Give g(u).
-21
Let x(a) = -a - 1. Let z(p) = -2*p. Let g(r) = -4*x(r) + 4*z(r). Suppose 6*t + 132 = -16*t. Let s(j) = 3*j - 4. Let k(b) = t*s(b) - 5*g(b). Determine k(-5).
-6
Let j = 7 - 10. Let i(h) = -26*h - 4. Let f(b) = -142*b - 21. Let g(u) = -2*f(u) + 11*i(u). Determine g(j).
4
Let j(z) = -95*z - 9. Let v(d) = 52*d + 5. Let g(t) = -6*j(t) - 11*v(t). Give g(8).
-17
Let z(d) = d + 6. Let u be z(-10). Let l be (-115)/(-25) + u/(-10). Let t(s) = 4*s - 6. Let x(y) = -3*y + 4. Let b(j) = l*t(j) + 7*x(j). Determine b(-1).
-1
Let r be (5 + 2 + (-330)/45)*3. Let b(w) = -13*w**2 + w. Calculate b(r).
-14
Let l(k) be the second derivative of -7*k**4/12 - k**3/6 - 20*k. Let d be l(-1). Let y(s) = 2*s + 8. Give y(d).
-4
Let n(t) = 1 - t**2 - 13*t**3 - 2*t**2 - 7275706*t + 7275706*t. Give n(1).
-15
Let k(l) = l**2 - 2*l - 7. Suppose -3*h - 4*q - 3 = 0, -7*q = -2*h - 5*q + 12. Give k(h).
-4
Suppose -38*n + 65 = -315. Let y(i) = -i - 2. What is y(n)?
-12
Let y(a) = -44*a + 14*a + 12*a + 15*a + 11. Give y(6).
-7
Let f(g) be the first derivative of 0*g**3 - 4*g + 0*g**2 + 1/2*g**4 - 4 + 1/20*g**5. Let p(h) be the first derivative of f(h). Determine p(-6).
0
Let c = 6 - 1. Let n(d) = 6*d - 1. Let i(h) = 38*h - 12. Let g(s) = -i(s) + 6*n(s). What is g(c)?
-4
Let z(d) = -d**2 - 8*d + 8. Let n = -651 - -641. Determine z(n).
-12
Let m(f) be the first derivative of -f**3/3 + 3*f**2/2 + 3*f - 6. Let q(v) = -6*v - 2*v - 2*v**2 + 13 + v**2. Let p be q(-9). What is m(p)?
-1
Let b = 8 - 5. Suppose 10 = 5*n - 2*s, -b*n + 8 = n + s. Let m(v) = 2*v - 21 - 27 - 20 + 7*v + 67 - 4*v. Determine m(n).
9
Let u(d) = d - 3. Let g = 749 - 751. Give u(g).
-5
Let q(t) = t**2 - 2*t - 10. Suppose k - 4 = -3*x + 2*x, 3*x = -5*k + 16. Suppose 3*u - 18 = -r + 5, -x*r + 4 = 0. What is q(u)?
25
Let g(k) = 3*k + 0*k + 0*k + 1. Suppose 4*m + 2*p - 4*p = -8, -3*p + 12 = m. Suppose -2*l + 4*l + 4 = m. Calculate g(l).
-5
Let o(a) = -a**2 - 6*a - 3. Suppose 18 = -4*w + 6*w. Suppose -4*d - 7 = w. Determine o(d).
5
Let o(c) be the first derivative of -c**3/3 - c**2/2 + 2*c + 3. Let i be (-2 - (-2 - -4) - -4)/1. Give o(i).
2
Let p be 2/(8*11/176). Let b(q) be the third derivative of 0*q + 0 + 1/8*q**p + 1/20*q**5 - 2*q**2 + 1/3*q**3. Give b(-2).
8
Let y(c) be the third derivative of 7*c**2 - 5/24*c**4 - 4/3*c**3 + 1/60*c**5 + 0*c + 0. Let u be y(6). Let p(d) = d**3 + 4*d**2 + d. Calculate p(u).
6
Let y = 273 + -275. Let z(s) = 21*s + 1. Calculate z(y).
-41
Suppose -6*l + 3*l + 3*v + 9 = 0, -l = -5*v + 17. Suppose 4*a + 12 = 3*x - a, -2*x + a + l = 0. Let b(q) = x*q - 2*q + 1 + q - q. What is b(-4)?
-7
Let b(k) = 4*k - 22. Let h(n) = -n + 7. Let r be ((-2)/1)/((-2)/7). Let y(j) = r*h(j) + 2*b(j). Suppose 3*m + 17 = 2, -m + 15 = -5*l. What is y(l)?
1
Let v(f) be the first derivative of -3*f**2/2 - 4*f - 5. Let g be v(-3). Let c(s) = -s**2 + 4*s + 1. Give c(g).
-4
Let h(w) = -w + 6. Suppose 2*f + 27 = 29, p - f + 8 = 0. Determine h(p).
13
Let o(r) = -2*r. Let k(p) = 3*p - 143. Let z be k(44). Determine o(z).
22
Suppose 0 = -9*u + 13*u - 16. Let w(l) = -l**3 + 5*l**2 - 4*l - 4. What is w(u)?
-4
Let t(k) be the second derivative of -k**5/60 + k**4/24 - 3*k**3/2 + 25*k**2 - 16*k. Let c(w) be the first derivative of t(w). Give c(0).
-9
Let v(y) = -3*y - 1. Suppose 4*u - 37 = 3*g, -2*u + 0*u - g = -21. Let m = 2 + u. Let b be (2/6)/(m/(-72)). Give v(b).
5
Let j be (-3)/(-2)*24/9. Suppose 4*k + 0*k - 1 = m, 0 = 4*m + j. Let n(b) = -b**2 + b - 11. What is n(k)?
-11
Let q(r) = 3*r + 1. Let m(w) = -16*w - 5. Let u(f) = -2*m(f) - 11*q(f). What is u(3)?
-4
Let q(k) be the second derivative of -k**4/12 + 2*k**3/3 - 3*k**2/2 + 21*k. Let p(b) = b**2 - 5*b + 3. Let d(m) = 4*p(m) + 3*q(m). What is d(9)?
12
Let n(b) = 4*b - 3. Suppose -4*d + 9 = -11. Let i be (-9)/(d/((-20)/(-3))). Let t be (-22)/i - 10/(-60). What is n(t)?
5
Let d(u) = 3*u**2 + 21*u + 3. Let v(i) = i. Let c(x) = d(x) - 15*v(x). What is c(-2)?
3
Let i(w) be the second derivative of -w**6/120 + w**5/30 + w**4/8 + w**3/3 - 37*w**2/2 - 47*w. Let n(k) be the first derivative of i(k). Give n(4).
-18
Let b(f) = f**2 - 9*f + 1. Let h = 777 + -767. Determine b(h).
11
Let g(c) be the second derivative of c**4/12 + c**3/6 - c**2 + 19*c. Give g(-3).
4
Let c(a) = -4*a**2 - 11*a - 4. Let i(v) = -9*v**2 - 24*v - 9. Let o(j) = -13*c(j) + 6*i(j). Give o(2).
-12
Let z be 4/(-30) + (-116)/30. Let j be 32/20 + z/(-10). Let p(f) = f - 4 - 5*f**2 + 4*f**3 + 3*f**j - 5*f**3. Determine p(-3).
2
Let c(q) = q - 2*q - 3 + 2. Let k = -119 - -118. Give c(k).
0
Let f(l) = l**3 + 7*l**2 + 8*l + 7. Let b be f(-6). Let r(i) = 2*i**3 - 13*i**2 + 2 - 3*i**3 - 11*i**2 + 18*i**2 - 7*i. Determine r(b).
12
Let i(c) = -c**2 + 5*c + 9. Suppose -2*o - 14 = -2*u, 3*u = -0*u - 3*o + 21. What is i(u)?
-5
Let y be 8*(2/4 + -1). Let g(c) = -5*c + 2. Let i(n) be the first derivative of n**2 + n - 12. Let q(b) = g(b) + 3*i(b). Give q(y).
1
Let z(b) = 8*b**2 - 6*b - 1. Let l(w) = -19*w**2 + 13*w + 3. Let h(p) = 3*l(p) + 7*z(p). What is h(-5)?
-8
Let j(m) = m**2 - 3*m + 2. Let v = 4 + 5. Let a be v/2*(-14)/(-21). Suppose 2*c = a*c - 3. Calculate j(c).
2
Suppose -7*j = -4*j, z = -4*j + 21. Let s(c) = -16 - c**3 + 2*c**3 + 6*c**2 + 3*c + z + 3*c. Determine s(-5).
0
Let y(r) = -r**3 + 5*r**2 - 5*r + 4. Suppose -34*w - 5 = -31*w + 5*n, 5*w - 29 = n. Determine y(w).
-21
Let p(i) = 6*i**3 - i**2 + 2*i + 9. Let t(r) = 7*r**3 + 2*r + 10. Let v(o) = 6*p(o) - 5*t(o). Determine v(4).
-20
Let a(q) = -q**2 + 6*q + 1. Let x(o) = -1. Let y(c) = -a(c) + 3*x(c). Suppose -4*f - 9 + 65 = 0. Suppose 2*l - 5*j = 30, f = 2*l - 6*j + 5*j. Determine y(l).
-9
Let w(x) = 3 - 5*x + 18*x**2 - x**3 + 26*x**2 + 3 - 61*x**2 + 24*x**2. Determine w(6).
12
Let k = -5 - -1. Suppose -15 = -3*d - 2*d. Let j(c) = 5*c**3 + 5*c - 3 - 5*c**3 + 2*c**2 + d*c**2 + c**3. Determine j(k).
-7
Suppose -3*j - j = -16. Let d = j - 1. Let z(b) = b - d*b**2 - 2 + 3 + 0. Calculate z(2).
-9
Let j(w) = 11*w**3 + 10*w**2 + 6*w + 52. Let b(u) = -5*u**3 + u**2 - u. Let n(q) = -2*b(q) - j(q). Determine n(-12).
-4
Let u(d) =